{"id":4896,"date":"2022-04-09T18:58:11","date_gmt":"2022-04-09T16:58:11","guid":{"rendered":"http:\/\/fabienboitard.com\/?page_id=4896"},"modified":"2022-05-08T19:03:28","modified_gmt":"2022-05-08T17:03:28","slug":"manifeste","status":"publish","type":"page","link":"https:\/\/fabienboitard.com\/index.php\/manifeste\/","title":{"rendered":"MANIFESTE"},"content":{"rendered":"<p>[vc_row css=\u00a0\u00bb.vc_custom_1540287044337{padding-top: 29px !important;}\u00a0\u00bb][vc_column][\/vc_column][\/vc_row][vc_row row_content_width=\u00a0\u00bbgrid\u00a0\u00bb][vc_column]<div class=\"eltdf-elements-holder   eltdf-two-columns  eltdf-responsive-mode-1024 \" ><div class=\"eltdf-eh-item    \"  data-item-class=\"eltdf-eh-custom-7828\" data-1367-1600=\"89px 80px 196px 0px\" data-1025-1366=\"80px 7px 86px 0px\" data-769-1024=\"82px 140px 46px 0px\" data-681-768=\"82px 0px 0 0px\" data-680=\"82px 0px 46px 0px\">\n\t<div class=\"eltdf-eh-item-inner\">\n\t\t<div class=\"eltdf-eh-item-content eltdf-eh-custom-7828\" style=\"padding: 0 70px 196px 0px\">\n\t\t\t<div class=\"eltdf-section-title-holder  eltdf-st-standard eltdf-st-title-left eltdf-st-normal-space \" >\n\t<div class=\"eltdf-st-inner\">\n\t\t\t\t\t<h5 class=\"eltdf-st-title\" >\n\t\t\t\tLA FACTURE\/OUTIL EN PEINTURE\t\t\t<\/h5>\n\t\t\t\t\t\t\t<h6 class=\"eltdf-st-text\" style=\"margin-top: 12px\">\n\t\t\t\tManifeste\t\t\t<\/h6>\n\t\t\t<\/div>\n<\/div>[vc_empty_space height=\u00a0\u00bb38px\u00a0\u00bb][vc_column_text]<\/p>\n<h5>Pour une repr\u00e9sentation poly\/factur\u00e9e du r\u00e9el<br \/>\nParce qu\u2019il faut de tout pour faire un monde<\/h5>\n<p>[\/vc_column_text][vc_empty_space height=\u00a0\u00bb4px\u00a0\u00bb][vc_column_text]1999.<br \/>\n\u00ab\u00a0Il y a trois ans maintenant, en 1996, il me fallait pouvoir mettre au point un syst\u00e8me simple et efficace qui permette un apprentissage s\u00e9rieux des techniques et codes esth\u00e9tiques en peinture en particulier. Les principes de ce syst\u00e8me r\u00e9pondaient essentiellement \u00e0 l\u2019exigence de ne pas s\u2019inscrire dans telle ou telle id\u00e9ologie esth\u00e9tique particuli\u00e8re pour, je pensais, \u00e9chapper au style. Cette fuite devait, dans un premier temps, forcer l\u2019exp\u00e9rimentation \u00e0 travers le m\u00e9dium pictural. Alors que l\u2019ambiance aux beaux-arts et sur la sc\u00e8ne artistique fran\u00e7aise vis \u00e0 vis du m\u00e9dium \u00ab\u00a0peinture\u00a0\u00bb, contraignait celui-ci plut\u00f4t \u00e0 une auto-justification de son emploi (\u00ab\u00a0la peinture, aujourd\u2019hui c\u2019est fini, tout a \u00e9t\u00e9 fait\u00a0\u00bb), je posais l\u00e0 le postulat de d\u00e9part\u00a0:\u00a0\u00ab\u00a0En peinture tout a \u00e9t\u00e9 fait, certes, cela nous offre donc la possibilit\u00e9 de tout faire\u00a0\u00bb.<\/p>\n<p>Outre ce postulat et le statut subversif que conf\u00e8re le m\u00e9dium peinture dans le champ de l\u2019art actuel, je m\u2019applique depuis peu \u00e0 d\u00e9finir mon propre champ d\u2019investigation. Aussi, il m\u2019a fallu m\u2019\u00e9tendre sur la sp\u00e9cificit\u00e9 inh\u00e9rente \u00e0 la peinture\/mati\u00e8re et \u00e0 la peinture\/sujet.<\/p>\n<p>La peinture\/mati\u00e8re tout d\u2019abord, c\u2019est-\u00e0-dire toutes les formes physiques, tous ses \u00e9tats texturiels devaient pouvoir un jour me servir d\u2019outils. Le flou, le net, la couleur, la non-couleur, le jet\u00e9, le pos\u00e9, le racl\u00e9, l\u2019effac\u00e9, le vite ex\u00e9cut\u00e9, mais aussi le dessin laborieux, expressif, photographique, bref tout ce qui caract\u00e9rise une symbolique, induit une gestuelle sp\u00e9cifique, une forme pure, relevant d\u2019un choix efficace, visible et identifiable. Un vocabulaire suffisamment riche pour qu\u2019une dialectique s\u2019instaure de par la juxtaposition ou combinaison subtile de plusieurs factures\/outils entre elles. En axant mon travail et en composant avec ces diff\u00e9rents rapports de factures, j\u2019affirme \u00e0 mon sens la volont\u00e9 de faire des choix\u00a0parmi les possibles, garantissant un subjectivisme total.<\/p>\n<p>2009.<strong><br \/>\n<\/strong>La peinture\/sujet, la peinture figurative, qui cherche naturellement, ou plut\u00f4t culturellement \u00e0 se d\u00e9marquer des g\u00e9n\u00e9rations pr\u00e9c\u00e9dentes.<\/p>\n<p>\u00ab\u00a0Quoi peindre\u00a0aujourd\u2019hui?\u00a0\u00bb. Le choix du sujet a toujours \u00e9t\u00e9 compliqu\u00e9 pour moi. La figuration n\u00e9cessite la manipulation d\u2019images, et de th\u00e8mes. Un pr\u00e9texte \u00e0 une r\u00e9flexion p\u00e9riph\u00e9rique au m\u00e9dium peinture, en un lieu commun, celui de l\u2019identifiable, de l\u2019assimilable, et de l\u2019appropriable par tous. Une po\u00e9tique \u00e0 l\u2019oppos\u00e9 de l\u2019id\u00e9e r\u00e9pandue du monologue int\u00e9rieur. Sentir le poids de la tradition et jouir des arrachements au sein du cadre pr\u00e9d\u00e9fini pour sa red\u00e9finition m\u00eame. Une sorte de souplesse des genres, \u00e0 la fois technique et s\u00e9mantique, au peintre de toujours d\u00e9crire les enjeux d\u2019une \u00e9poque donn\u00e9e en insistant sur telle ou telle sp\u00e9cificit\u00e9 du m\u00e9dium et des sujets. Cette sp\u00e9cificit\u00e9 introduit d\u00e9j\u00e0 une vision propre \u00e0 chaque \u00e9poque ou tout simplement \u00e0 chaque peintre. L\u2019erreur serait de croire, que la peinture un jour ne puisse plus rendre compte des enjeux s\u00e9mantiques sans cesse renouvel\u00e9s pour coller au mieux \u00e0 l\u2019humeur du monde.<\/p>\n<p>Interrogeons-nous sur ce que doit \u00eatre aujourd\u2019hui le genre du paysage, \u00e0 l\u2019heure des changements climatiques et du r\u00e9chauffement inexorable de la plan\u00e8te. Il aura fallu une activit\u00e9 humaine intense, pour que r\u00e9sulte l\u2019id\u00e9e commune d\u2019une nature pourrissante, souill\u00e9e, d\u00e9chue, c\u2019est s\u00fbr, en ce d\u00e9but de 21\u00e8me si\u00e8cle. Aussi le peintre en ce d\u00e9but de mill\u00e9naire, se doit de r\u00e9actualiser au sein de son m\u00e9dium le genre du \u00ab\u00a0paysage\u00a0\u00bb mais aussi celui de la \u00ab\u00a0nature morte\u00a0\u00bb, du \u00ab\u00a0portrait\u00a0\u00bb, voire la \u00ab\u00a0peinture d\u2019histoire\u00a0\u00bb, qui r\u00e9unit tous les genres\u2026<\/p>\n<p>Conscient des ann\u00e9es nous s\u00e9parant des Monet, Courbet et autres grands capteurs de subtiles lumi\u00e8res, inspir\u00e9 d\u2019une vision romantique, je d\u00e9cidai d\u2019aborder le genre du paysage et de me donner l\u2019occasion d\u2019aller peindre \u00e0 l\u2019ext\u00e9rieur de l\u2019atelier\u00a0: sur le motif, comme les anciens.<\/p>\n<p>Justifier cet acte d\u2019un premier abord nostalgique, en prenant en compte le contexte climatique, et plus largement un rapport au monde conflictuel et d\u00e9sabus\u00e9. Depuis la fin du 19\u00e8me si\u00e8cle, c\u2019est l\u2019id\u00e9e m\u00eame que se fait l\u2019homme de son environnement et son rapport \u00e0 lui qui a chang\u00e9 radicalement. Ces artistes se promenaient pour saisir toute la gr\u00e2ce, toute la complexit\u00e9 de ces paysages en en d\u00e9crivant toute la force et la grandeur, je choisis \u00e0 mon tour de sortir de l\u2019atelier pour en sauvegarder, archiver, num\u00e9riser ce qui pouvait encore l\u2019\u00eatre avant disparition.<\/p>\n<p>De tous les animaux, je n\u2019en connais aucun capable de manger, chier et dormir au m\u00eame endroit. L\u2019homme qui ne cesse de vouloir se diff\u00e9rencier \u00e0 tout prix et \u00e0 toute \u00e9poque de l\u2019animal (langage, outils, intelligence, etc\u2026) a, je crois, l\u00e0, trouv\u00e9 cette sp\u00e9cificit\u00e9 plus valable que toutes autres. Mais je m\u2019\u00e9gare\u00a0\u00bb.<\/p>\n<p><i>Manifeste-Fabien Boitard.<\/i>[\/vc_column_text][vc_empty_space height=\u00a0\u00bb39px\u00a0\u00bb]<div class=\"eltdf-image-gallery eltdf-grid-list eltdf-disable-bottom-space  eltdf-ig-grid-type eltdf-three-columns eltdf-huge-space  eltdf-image-behavior-zoom\">\n\t<div class=\"eltdf-ig-inner eltdf-outer-space\">\n\t\t\t\t\t<div class=\"eltdf-ig-image eltdf-item-space\">\n\t\t\t\t<div class=\"eltdf-ig-image-inner\">\n\t\t\t\t\t\t\t\t\t\t\t<img loading=\"lazy\" decoding=\"async\" width=\"2459\" height=\"2000\" src=\"https:\/\/fabienboitard.com\/wp-content\/uploads\/2022\/04\/fabien_boitard_avant_2021_huilesurtoile_120x145cm.jpg\" class=\"attachment-full size-full\" alt=\"\" srcset=\"https:\/\/fabienboitard.com\/wp-content\/uploads\/2022\/04\/fabien_boitard_avant_2021_huilesurtoile_120x145cm.jpg 2459w, https:\/\/fabienboitard.com\/wp-content\/uploads\/2022\/04\/fabien_boitard_avant_2021_huilesurtoile_120x145cm-300x244.jpg 300w, https:\/\/fabienboitard.com\/wp-content\/uploads\/2022\/04\/fabien_boitard_avant_2021_huilesurtoile_120x145cm-1024x833.jpg 1024w, https:\/\/fabienboitard.com\/wp-content\/uploads\/2022\/04\/fabien_boitard_avant_2021_huilesurtoile_120x145cm-768x625.jpg 768w, https:\/\/fabienboitard.com\/wp-content\/uploads\/2022\/04\/fabien_boitard_avant_2021_huilesurtoile_120x145cm-1536x1249.jpg 1536w\" sizes=\"auto, (max-width: 2459px) 100vw, 2459px\" \/>\t\t\t\t\t\t\t\t\t<\/div>\n\t\t\t<\/div>\n\t\t\t\t\t<div class=\"eltdf-ig-image eltdf-item-space\">\n\t\t\t\t<div class=\"eltdf-ig-image-inner\">\n\t\t\t\t\t\t\t\t\t\t\t<img loading=\"lazy\" decoding=\"async\" width=\"2456\" height=\"2000\" src=\"https:\/\/fabienboitard.com\/wp-content\/uploads\/2022\/04\/fabien_boitard_pendant_2021_huilesurtoile_120x145cm.jpg\" class=\"attachment-full size-full\" alt=\"\" srcset=\"https:\/\/fabienboitard.com\/wp-content\/uploads\/2022\/04\/fabien_boitard_pendant_2021_huilesurtoile_120x145cm.jpg 2456w, https:\/\/fabienboitard.com\/wp-content\/uploads\/2022\/04\/fabien_boitard_pendant_2021_huilesurtoile_120x145cm-300x244.jpg 300w, https:\/\/fabienboitard.com\/wp-content\/uploads\/2022\/04\/fabien_boitard_pendant_2021_huilesurtoile_120x145cm-1024x834.jpg 1024w, https:\/\/fabienboitard.com\/wp-content\/uploads\/2022\/04\/fabien_boitard_pendant_2021_huilesurtoile_120x145cm-768x625.jpg 768w, https:\/\/fabienboitard.com\/wp-content\/uploads\/2022\/04\/fabien_boitard_pendant_2021_huilesurtoile_120x145cm-1536x1251.jpg 1536w\" sizes=\"auto, (max-width: 2456px) 100vw, 2456px\" \/>\t\t\t\t\t\t\t\t\t<\/div>\n\t\t\t<\/div>\n\t\t\t\t\t<div class=\"eltdf-ig-image eltdf-item-space\">\n\t\t\t\t<div class=\"eltdf-ig-image-inner\">\n\t\t\t\t\t\t\t\t\t\t\t<img loading=\"lazy\" decoding=\"async\" width=\"2447\" height=\"2000\" src=\"https:\/\/fabienboitard.com\/wp-content\/uploads\/2022\/04\/fabien_boitard_apres_2021_huilesurtoile_120x145cm.jpg\" class=\"attachment-full size-full\" alt=\"\" srcset=\"https:\/\/fabienboitard.com\/wp-content\/uploads\/2022\/04\/fabien_boitard_apres_2021_huilesurtoile_120x145cm.jpg 2447w, https:\/\/fabienboitard.com\/wp-content\/uploads\/2022\/04\/fabien_boitard_apres_2021_huilesurtoile_120x145cm-300x245.jpg 300w, https:\/\/fabienboitard.com\/wp-content\/uploads\/2022\/04\/fabien_boitard_apres_2021_huilesurtoile_120x145cm-1024x837.jpg 1024w, https:\/\/fabienboitard.com\/wp-content\/uploads\/2022\/04\/fabien_boitard_apres_2021_huilesurtoile_120x145cm-768x628.jpg 768w, https:\/\/fabienboitard.com\/wp-content\/uploads\/2022\/04\/fabien_boitard_apres_2021_huilesurtoile_120x145cm-1536x1255.jpg 1536w\" sizes=\"auto, (max-width: 2447px) 100vw, 2447px\" \/>\t\t\t\t\t\t\t\t\t<\/div>\n\t\t\t<\/div>\n\t\t\t<\/div>\n<\/div>\t\t<\/div>\n\t<\/div>\n<\/div><\/div>[\/vc_column][\/vc_row][vc_row disable_element=\u00a0\u00bbyes\u00a0\u00bb row_content_width=\u00a0\u00bbgrid\u00a0\u00bb css=\u00a0\u00bb.vc_custom_1542709478120{padding-bottom: 130px !important;}\u00a0\u00bb][vc_column offset=\u00a0\u00bbvc_col-lg-5 vc_col-md-10&Prime; css=\u00a0\u00bb.vc_custom_1540292442143{border-right-width: 1px !important;padding-right: 0px !important;border-right-color: #000000 !important;border-right-style: solid !important;}\u00a0\u00bb]<div class=\"eltdf-elements-holder   eltdf-one-column  eltdf-responsive-mode-768 \" ><div class=\"eltdf-eh-item    \"  data-item-class=\"eltdf-eh-custom-2698\" data-680=\"0 20px 0 0\">\n\t<div class=\"eltdf-eh-item-inner\">\n\t\t<div class=\"eltdf-eh-item-content eltdf-eh-custom-2698\" style=\"padding: 0 0 0 0\">\n\t\t\t[vc_column_text]<\/p>\n<h5 style=\"margin-top: 19px;\">Exhibitions<\/h5>\n<p>[\/vc_column_text][vc_empty_space height=\u00a0\u00bb4px\u00a0\u00bb][vc_column_text]Maui Plein Air Invitational, HI<br \/>\nBeverly McNeil Gallery Sporting and Wildlife Show<br \/>\nMaui Plein air Invitational<br \/>\nLegacy Gallery Small Works Show, Scottsdale, AZ<br \/>\n\u201cArt in the Open\u201d Plein Air, Wexford, Ireland<br \/>\nMaui Plein Air Invitational, HI<br \/>\nBeverly McNeil Gallery Sporting and Wildlife Show<br \/>\nMaui Plein air Invitational<br \/>\nLegacy Gallery Small Works Show, Scottsdale, AZ<br \/>\n\u201cArt in the Open\u201d Plein Air, Wexford, Ireland[\/vc_column_text][vc_empty_space height=\u00a0\u00bb19px\u00a0\u00bb][vc_column_text]<\/p>\n<h5>Awards<\/h5>\n<p>[\/vc_column_text][vc_empty_space height=\u00a0\u00bb4px\u00a0\u00bb][vc_column_text]<a href=\"http:\/\/amedeo.elated-themes.com\/team-member\/\"><u>International Design Award<\/u><\/a>[\/vc_column_text][vc_column_text]<\/p>\n<p style=\"margin-top: 3px;\"><a href=\"http:\/\/amedeo.elated-themes.com\/team-member\/\"><u>The Good Design Award<\/u><\/a><\/p>\n<p>[\/vc_column_text][vc_empty_space height=\u00a0\u00bb92px\u00a0\u00bb]\t\t<\/div>\n\t<\/div>\n<\/div><\/div>[\/vc_column][vc_column offset=\u00a0\u00bbvc_col-lg-offset-0 vc_col-lg-7 vc_col-md-offset-0 vc_col-md-12 vc_col-sm-offset-0&Prime;]<div class=\"eltdf-elements-holder   eltdf-one-column  eltdf-responsive-mode-768 \" ><div class=\"eltdf-eh-item    \"  data-item-class=\"eltdf-eh-custom-1223\" data-1025-1366=\"59px 0px 0 86px\" data-769-1024=\"59px 110px 28px 0px\" data-681-768=\"59px 0px 28px 0px\" data-680=\"59px 0px 28px 0px\">\n\t<div class=\"eltdf-eh-item-inner\">\n\t\t<div class=\"eltdf-eh-item-content eltdf-eh-custom-1223\" style=\"padding: 59px 0px 0 81px\">\n\t\t\t[vc_column_text]<\/p>\n<h4>Artist Work<\/h4>\n<p>[\/vc_column_text][vc_empty_space height=\u00a0\u00bb4px\u00a0\u00bb]<div class=\"eltdf-single-image-holder   \">\n    <div class=\"eltdf-si-inner\" >\n                                                            <\/div>\n<\/div>\t\t<\/div>\n\t<\/div>\n<\/div><\/div>[\/vc_column][\/vc_row]<\/p>\n","protected":false},"excerpt":{"rendered":"<p>[vc_row css=\u00a0\u00bb.vc_custom_1540287044337{padding-top: 29px !important;}\u00a0\u00bb][vc_column][\/vc_column][\/vc_row][vc_row row_content_width=\u00a0\u00bbgrid\u00a0\u00bb][vc_column][\/vc_column][\/vc_row][vc_row disable_element=\u00a0\u00bbyes\u00a0\u00bb row_content_width=\u00a0\u00bbgrid\u00a0\u00bb css=\u00a0\u00bb.vc_custom_1542709478120{padding-bottom: 130px !important;}\u00a0\u00bb][vc_column offset=\u00a0\u00bbvc_col-lg-5 vc_col-md-10&Prime; css=\u00a0\u00bb.vc_custom_1540292442143{border-right-width: 1px !important;padding-right: 0px !important;border-right-color: #000000 !important;border-right-style: solid !important;}\u00a0\u00bb][\/vc_column][vc_column offset=\u00a0\u00bbvc_col-lg-offset-0 vc_col-lg-7 vc_col-md-offset-0 vc_col-md-12 vc_col-sm-offset-0&Prime;][\/vc_column][\/vc_row]<\/p>\n","protected":false},"author":1,"featured_media":0,"parent":0,"menu_order":0,"comment_status":"closed","ping_status":"closed","template":"","meta":{"om_disable_all_campaigns":false,"_mi_skip_tracking":false,"footnotes":""},"class_list":["post-4896","page","type-page","status-publish","hentry"],"aioseo_notices":[],"_links":{"self":[{"href":"https:\/\/fabienboitard.com\/index.php\/wp-json\/wp\/v2\/pages\/4896","targetHints":{"allow":["GET"]}}],"collection":[{"href":"https:\/\/fabienboitard.com\/index.php\/wp-json\/wp\/v2\/pages"}],"about":[{"href":"https:\/\/fabienboitard.com\/index.php\/wp-json\/wp\/v2\/types\/page"}],"author":[{"embeddable":true,"href":"https:\/\/fabienboitard.com\/index.php\/wp-json\/wp\/v2\/users\/1"}],"replies":[{"embeddable":true,"href":"https:\/\/fabienboitard.com\/index.php\/wp-json\/wp\/v2\/comments?post=4896"}],"version-history":[{"count":26,"href":"https:\/\/fabienboitard.com\/index.php\/wp-json\/wp\/v2\/pages\/4896\/revisions"}],"predecessor-version":[{"id":5414,"href":"https:\/\/fabienboitard.com\/index.php\/wp-json\/wp\/v2\/pages\/4896\/revisions\/5414"}],"wp:attachment":[{"href":"https:\/\/fabienboitard.com\/index.php\/wp-json\/wp\/v2\/media?parent=4896"}],"curies":[{"name":"wp","href":"https:\/\/api.w.org\/{rel}","templated":true}]}}